698. Calculate the remainder when 168 is divided by a.
32
Let z(t) = -7*t**2 + 88*t - 42. Let s be z(12). Calculate the remainder when 4/s*(-8)/(32/(-654)) is divided by -1 + 1 + 0 - -28.
25
Suppose 0 = -2*s + 5*k - 0*k + 1760, -s + 880 = 4*k. Let c = -587 + s. Calculate the remainder when c is divided by 21.
20
Let j = 3667 + -2701. What is the remainder when j is divided by 162?
156
Let z(h) = h**2 + 18*h + 9. Let c be z(-16). Let u = -49 - c. Let y = 32 + u. Calculate the remainder when 33 is divided by y.
3
Let g(p) = -p**3 + 18*p**2 + 33*p + 9. Calculate the remainder when g(19) is divided by 138.
137
Suppose 0*y = 5*y + 17*y - 748. Calculate the remainder when 989 is divided by y.
3
Suppose 0 = 2465*w - 2460*w - 405. What is the remainder when 222 is divided by w?
60
Let i(w) be the first derivative of -7*w**2/2 + 2*w + 69. Let f = -14 - -8. Calculate the remainder when i(f) is divided by 15.
14
Let y(d) = -4*d**3 - 2*d**2 - 3. Suppose 0 = 2*o - m - 2*m + 16, m - 2 = -o. Let t(q) = 7*q - 2. Calculate the remainder when y(o) is divided by t(2).
9
Let m(b) = -b**3 + 5*b**2 + b + 1. Let l be (2 - 15/9)*-3 + 3. Let a be 144/12*l/8. Calculate the remainder when 34 is divided by m(a).
12
What is the remainder when 2377 is divided by (7/(-2) - -3)/((152/160)/(-19))?
7
Let l = 244 + -237. Suppose -l*t - 3*t + 330 = 0. Calculate the remainder when 91 is divided by t.
25
Let g be (-2)/(-7) - 5792/(-14). Let h be (-426)/(-105) - 2/35. Suppose 5*f = -v - v + g, h*f - 318 = 5*v. Calculate the remainder when f is divided by 22.
16
Suppose 5*c = -4*j + 6*j - 429, -4*j = -5*c - 433. Let o be 2 + (5/5 - c). Let z = o - 76. Calculate the remainder when 18 is divided by z.
6
Calculate the remainder when 133 is divided by ((-6)/(-27)*24)/(2/39).
29
Suppose 580 = 6*s + 2938. Let u be 42/(-28) - s/2. Let q = u + -93. Calculate the remainder when q is divided by 21.
18
Let x(f) = 21*f**2 + 30*f + 136. Calculate the remainder when 1538 is divided by x(-5).
5
Suppose -4*y - 518*n + 35 = -513*n, -2 = -y + n. Let v = 82 + -47. Suppose -23 = -x + v. What is the remainder when x is divided by y?
3
Let p(n) = -2*n**3 - 77*n**2 - 42*n - 75. What is the remainder when 2076 is divided by p(-38)?
74
Let l = -5076 + 5273. What is the remainder when l is divided by 37?
12
Let w be (-6)/12*(-10 + 0). Suppose -4*l + w*d = -32, l + d - 7 = 2*d. Suppose 311 - 296 = 5*h. Calculate the remainder when h is divided by l.
0
Let z = -1403 + 2357. Let v = -737 + z. What is the remainder when v is divided by 73?
71
Suppose 5*l - 4*m = 1358, 11*l - 2*m - 542 = 9*l. Calculate the remainder when l is divided by 272.
2
Suppose -k + 3973 = -1461 - 983. What is the remainder when k is divided by 49?
47
Suppose -5*a = 3 - 13. Let h = 346 + -303. Suppose 0 = y - 3*g - h - 15, 0 = -a*y - g + 123. Calculate the remainder when y is divided by 32.
29
Let c = 3942 - 3635. Calculate the remainder when c is divided by 62.
59
Suppose -139*x + 118*x + 99 + 174 = 0. Calculate the remainder when 2844 is divided by x.
10
Let t = 103 - 47. Let g = t + -18. Suppose -3*b + 277 = 4*v - 177, 0 = 5*b - 3*v - 747. Calculate the remainder when b is divided by g.
36
Let d = -444 - -178. Suppose 0 = 2*z - 202 - 52. Calculate the remainder when z is divided by (-44)/33 + d/(-6).
41
Let m = 10 - 8. Suppose 8*j - m*j = -186. What is the remainder when (-12)/(0 + 4)*j is divided by 24?
21
Let q(g) = g**2 - 3*g**2 + 7*g + g**2 - 10*g - 21 - 7*g. Calculate the remainder when 190 is divided by q(-4).
1
Let r = 29 - 20. Suppose r*w = 26 + 46. Let s(y) = y**3 + y. What is the remainder when s(3) is divided by w?
6
Let a(s) = -s + 15. Let b(x) = -2*x + 16. Let o(g) = -3*a(g) + 4*b(g). Let z be o(6). What is the remainder when z/(-7) - 2 - (-234)/7 is divided by 13?
7
Let h = 164 - 42. Let a(d) = 45*d**2 - 4*d - 12. Let s be a(4). Suppose 685*m - s*m + 294 = 0. Calculate the remainder when h is divided by m.
38
What is the remainder when (281785/(-332))/(2/(-16)) is divided by 27?
13
Let y = 19 + -15. Let u(h) = 1581 + 0*h**2 + 2*h**2 - 1577 - 7*h + h**2. What is the remainder when 95 is divided by u(y)?
23
Let m(k) = 552*k - 1343. What is the remainder when m(6) is divided by 984?
1
Let r = -88 - -90. Suppose -2*j - j - 289 = -a, -r*a = 5*j - 556. Calculate the remainder when a is divided by 26.
23
Suppose -5*r + 2037 = 5*v - 7*r, -3*v = 5*r - 1216. Calculate the remainder when v is divided by 153.
101
Suppose 28*q = 3703 - 6547 + 17936. What is the remainder when q is divided by 39 + (-3)/(-2 + 3)?
35
Let m(j) = 38*j - 2337. What is the remainder when 636 is divided by m(62)?
9
Let x(v) be the third derivative of -v**5/30 + 17*v**4/12 - 19*v**3/2 - v**2. Calculate the remainder when 136 is divided by x(13).
42
Let w(j) = j**2 - 18*j - 62. Let l be w(21). Let f = 13 - -3. What is the remainder when (2 - (l - -1)) + (5 - -56) is divided by f?
13
Suppose -228*c = -353*c + 3250. Calculate the remainder when 6785 is divided by c.
25
Suppose -i - i = -338. Let o(h) = 1502*h + 42066. Calculate the remainder when i is divided by o(-28).
9
Let u = -4038 - -4139. Calculate the remainder when 1007 is divided by u.
98
Let g = -298 + 296. Let l(x) be the first derivative of -4*x**3/3 - 11*x**2/2 - x + 9. Calculate the remainder when 44 is divided by l(g).
4
Suppose -296697 + 82271 = -58*w. Calculate the remainder when w is divided by 50.
47
What is the remainder when 49 is divided by (7/(-14))/((-2259)/(-252) + -9)?
7
Suppose -3*o + 56 + 103 = 0. Let u = 82 - o. Suppose -18 = -4*t - 2. What is the remainder when u is divided by t?
1
Let v be 11/2 - (-6)/(-4). Suppose -6 + v = b. Calculate the remainder when ((-66)/12 + b)/(3/(-16)) is divided by 21.
19
Let u = 218 + -936. Let l = u - -1051. Calculate the remainder when l is divided by 48.
45
Let g(v) = -v**3 - 21*v**2 + 44*v - 42. Let p be g(-23). Suppose f - 55 = p*a, -f + 5*a = -4*f + 131. What is the remainder when f is divided by 10?
7
Suppose 3*c = -5*w - 0*c + 510, 5*w = -c + 520. Suppose 273*b + 957*b - 150*b = 9720. What is the remainder when w is divided by b?
6
Let m(b) = -b**2 - 31*b + 95. Let j be m(-28). Let n = j + -35. What is the remainder when n is divided by 49?
46
Let x(f) = 1557*f + 1360. What is the remainder when x(4) is divided by 1897?
0
Suppose -29*b = -37*b - 3352. Let c = -418 - b. Calculate the remainder when 20 is divided by c.
0
Let y(b) = 4*b + 13. Let n = 106 + -105. Suppose -n = s - 9. Calculate the remainder when y(10) is divided by s.
5
Suppose -3*o - 2*z + 68 = 15, 3*o + 5*z - 47 = 0. Let h = 400 - 253. Calculate the remainder when h is divided by o.
14
Let q(h) = 738*h + 10450. Calculate the remainder when 3297 is divided by q(-14).
111
Let b = -3257 + 6855. What is the remainder when b is divided by 72?
70
Suppose -2*a + 12*l + 154 = 13*l, 0 = l - 2*l. Calculate the remainder when a is divided by 39.
38
Let b(o) = -o**2 - 13*o + 25. Let u = -15 + -1. Let i be b(u). Calculate the remainder when (-594)/(-10) - (5 - i/(-5)) is divided by 31.
28
Let m be (-86 + -4)/2 - -3. Let i be -30 - (0/2)/(-4). Let h = i - m. Calculate the remainder when 32 is divided by h.
8
What is the remainder when 677 is divided by 0 + 169/2 + (-222)/(-444)?
82
Suppose 0 = -v + 64 - 18. Suppose -3*s + 27 + 21 = 4*d, 2*d = 2*s - v. Calculate the remainder when 79 is divided by s.
19
Let t be (-184)/(-40) + (-2)/(-5). Suppose -4*n + t*n = 14. Suppose 15*l - 103*l = -3432. What is the remainder when l is divided by n?
11
Let t(j) = -8*j + 13*j**2 - 6*j**2 - 4*j**2 - 2*j**2 + 38. What is the remainder when 226 is divided by t(8)?
36
Let j(l) = -l**3 - 21*l**2 + 20*l - 27. What is the remainder when 217 is divided by j(-22)?
13
Let g(b) = 94 - 1347*b**2 + 8*b - b**3 - 2*b + 1333*b**2. Calculate the remainder when 527 is divided by g(-14).
7
Suppose -2543 - 3100 = -11*s. Calculate the remainder when s is divided by 26.
19
Let k = 8198 - 8184. Calculate the remainder when 2039 is divided by k.
9
Let d = 3714 - 3679. What is the remainder when 1185 is divided by d?
30
Let n = -437122 - -437140. Calculate the remainder when (-1)/3 - (-1832)/6 is divided by n.
17
Suppose -2*z = -4*z - 4*m + 1382, 4*z - 2754 = 2*m. Let s = z - 536. Calculate the remainder when s is divided by 14.
1